188. Calculate the highest common factor of l and 1271.
31
Let j = -11 + 9. Let w be -3 + 0 + 4 + j/(-2). Suppose -3*o = -z + 133, 3*o = w*o - 1. Calculate the greatest common divisor of z and 52.
26
Let d be 323*2*(1/2 - 1). Let v = 512 + d. What is the highest common factor of 84 and v?
21
Suppose -3632*q + 3707*q = -278 + 1403. Suppose y - 110 = 445. Calculate the highest common divisor of q and y.
15
Let y be -1 + ((-6)/(-3) - -63). Suppose c + 2*b = -0*b + 18, 5*c - 30 = 2*b. Calculate the greatest common factor of c and y.
8
Let u = 728 + -178. Suppose 3*i = -5*n + 36, -5*n - 106 = -4*i - 2*n. What is the highest common factor of i and u?
22
Let w be -1 + (5/10 + 3165/6)*1. Let k(q) = 3*q - 4. Let f be k(7). Calculate the highest common divisor of w and f.
17
Suppose 6 - 13 = 4*t + 5*u, 3*t = -5*u - 4. Let c be ((-57)/4)/(t/4). Calculate the greatest common divisor of c and 323.
19
Let c = -17 - -25. Suppose -2*l = -5*r + 20, -4*l + 32 = 4*r - 2*r. Let x(s) = 2*s**2 - 4*s + 24. Let i be x(r). Calculate the highest common factor of i and c.
8
Let n be -2*((-7)/(-21) + (-213)/18). Suppose 29*h - 60 = n*h. Calculate the greatest common divisor of h and 2.
2
Let y = 135 + -79. Let o(f) = 4*f + 12. Let m(v) = -10*v - 36. Let a(n) = -3*m(n) - 8*o(n). Let l be a(2). What is the highest common divisor of y and l?
8
Let u = -64 - -124. Let n(w) = -36*w - 212. Let d be n(-6). Let l be 20 - d*(-12)/12. Calculate the highest common factor of u and l.
12
Let k(h) = 4*h**2 - 6*h - 1. Let j be k(-2). What is the highest common factor of 864 and j?
27
Let m be (3 + 1/(-2)*1)*2. Suppose 3516 = m*q - 3*h, 5*q - 7*h = -5*h + 3514. Calculate the greatest common divisor of 26 and q.
26
Suppose 0*y - 5*y + 100 = 0. Suppose -108 = -3*j + 273. Let x = -107 + j. Calculate the highest common divisor of x and y.
20
Let b = 208 + -223. Let s be 3 + 16*(-8)/(160/b). Calculate the highest common factor of 255 and s.
15
Let s(k) = 10*k - 35. Let i be s(4). Suppose i*m + 16 = 4*z + 45, 4*m - 40 = -z. What is the highest common divisor of m and 6?
3
Let y = -4720 + 6940. What is the highest common divisor of 60 and y?
60
Suppose -2*i = h - 4*i - 137, -41*i - 89 = -2*h. What is the highest common divisor of h and 1407?
21
Let z(y) = 428*y - 1800. Let h be z(5). Calculate the greatest common divisor of h and 255.
85
Let g be (-20)/25*(-60)/2. Let t(i) = 434*i + 22. Let n be t(1). What is the highest common divisor of n and g?
24
Let x = 1085 + -1052. What is the greatest common factor of 2134 and x?
11
Let s be (67200/35)/32 + (-22)/2. Calculate the highest common factor of s and 3.
1
Let f = 715 - 282. Let c = f - 231. Suppose 130 = 2*b + 4*u + u, -3*b = 4*u - c. What is the greatest common divisor of 105 and b?
35
Let l(f) = 252*f - 1117. Let h be l(10). Calculate the highest common divisor of 61 and h.
61
Let a be (9/81)/(8 - 2795/351). What is the highest common factor of a and 9696?
3
Let c be 6 + 13 + (1 - 1). Let z(j) = 4*j**2 - 15*j + 34. Let u be z(4). Calculate the highest common divisor of u and c.
19
Suppose 3*i - 205 = 5*q, q + 4*q = i - 85. Suppose -2*y = 4*k + 10, 5*k + 41 = 3*y + 1. Let j = y + 10. What is the greatest common factor of j and i?
15
Let u be (1960/(-10) - -7)*(-5)/(35/28). What is the greatest common factor of 924 and u?
84
Suppose 3*c - 2*i + 1326 = 0, -2*c - 2*c + 5*i = 1775. Let y = 458 + c. What is the highest common factor of 738 and y?
18
Let p = 2384 - 1680. Let g(f) = 100*f + 9922. Let u be g(-99). Calculate the greatest common factor of p and u.
22
Suppose -3*d = -3*k + 4320, 8*k = 6*k + 8*d + 2850. What is the greatest common divisor of k and 102?
17
Suppose 5*p = -4*m + 559, -m = 2*p + 4 - 140. Suppose -4*r + 20 = 4. Suppose 2*s = r*s + 4*y - m, -2*y - 8 = 0. What is the greatest common divisor of 27 and s?
27
Suppose -402 = 175*x - 172*x. Let f = x + 128. Let q be (-68)/f + (-10)/(-15). What is the highest common divisor of q and 18?
6
Suppose 2*b + 218 + 477 = z, -5*z = b - 3442. What is the greatest common factor of 159 and z?
53
Suppose -5*n - 3*m = -2*m - 1579, 4*n + 5*m - 1280 = 0. What is the greatest common divisor of n and 135?
45
Suppose -45533 = -14*w - 41*w - 6208. What is the highest common factor of 44 and w?
11
Let f be (-5)/(-4) - (-30)/(-24). Let s be -1 - ((f - 2) + 2) - -44. What is the greatest common divisor of s and 43?
43
Let d(u) = 37*u + 876. Let a be d(-18). Suppose 4*r - 249 = -3*l, 5*l - 311 = -5*r + l. What is the greatest common factor of r and a?
21
Let z(s) = -321*s - 283. Let k be z(-1). Calculate the greatest common factor of 551 and k.
19
Let c = 4394 + 1966. What is the highest common divisor of c and 53?
53
Suppose -32*i - 5*a = -29*i - 118, -2*a + 4 = 0. What is the greatest common factor of i and 2148?
12
Let k(x) = 17*x - 84. Let w be k(5). Let y be (6/12)/(w/2). Calculate the greatest common divisor of 9 and y.
1
Suppose 30*f - 5120 + 3560 = 0. What is the greatest common divisor of 2990 and f?
26
Let p be 94 + 14/28*-18. Calculate the highest common divisor of p and 345.
5
Let x be 2463*(-9 + (-29)/(-3)). What is the greatest common factor of x and 8?
2
Let a = 37 - -266. Let u = a + -248. Calculate the greatest common factor of u and 44.
11
Suppose p - 6 - 12 = 0. Let w be 10/(-9) - (-167280)/1836. What is the highest common factor of p and w?
18
Suppose -2*s + 53 = -93. Suppose -s = -21*v + 95. What is the highest common factor of v and 8?
8
Suppose -5324 - 2996 - 416 = -39*p. Calculate the greatest common divisor of p and 42.
14
Let c = 759 + -745. Suppose 5*o = -w + 243, -3*w = c*o - 9*o - 759. Calculate the greatest common divisor of w and 6.
6
Let c = 3888 - 3870. What is the highest common factor of c and 171?
9
Suppose 12*j + 32 = 10*j. Let s be ((-1)/2)/(4/j). Suppose 2*n - 5*x = -s*n + 171, -5*n - 2*x + 255 = 0. What is the highest common divisor of n and 14?
7
Suppose 31*b = -q + 28*b + 11, -b = 7*q - 137. Calculate the greatest common divisor of q and 7660.
20
Let i = 1458 - 948. Suppose -4*l = 30*l - i. Calculate the greatest common factor of 645 and l.
15
Let k(g) = -1359*g - 612. Let v be k(-12). Calculate the highest common divisor of 288 and v.
144
Let q = -31639 - -31695. What is the greatest common factor of 8960 and q?
56
Suppose -y + 29 = 4*u, 2*u + 32 = 2*y - 3*u. Calculate the highest common factor of 672 and y.
21
Let h = -5926 - -7270. Calculate the highest common factor of h and 4368.
336
Let a = 3936 - -2304. What is the greatest common factor of 585 and a?
195
Suppose 5*t - 3845 = -110. Suppose 0 = -4*k - 187 + t. What is the greatest common divisor of 20 and k?
20
Suppose -23*g + 308 = -2*g - 469. What is the highest common divisor of 2997 and g?
37
Let q = 185 + 199. Suppose -357*h + r = -360*h + 145, 2*r + 94 = 2*h. Calculate the greatest common divisor of h and q.
48
Let l be -6 + ((-40)/(-50) - (1551/(-5) - -4)). What is the greatest common divisor of l and 3?
1
Let r(d) = 22*d**2 + 6*d + 6. Let h be r(-1). Suppose -h*m + 38*m - 48 = 0. Let n = 10 + -7. Calculate the greatest common divisor of m and n.
3
Let o(g) = g**3 + 18*g**2 - 25*g - 139. Let a be o(-19). Let z be (a/150 + (-602)/(-12))*4. What is the highest common divisor of z and 160?
40
Let m(g) = -61*g + 17. Let u be m(2). Let b = 121 + u. Calculate the highest common divisor of b and 12.
4
Let j(s) = -12*s + 2. Let u be j(-3). Let y be (-14)/((-224)/(-24))*(-656)/6. Let w = y + -107. What is the greatest common divisor of w and u?
19
Let d be 7*((-285)/(-3) - (15 - 14)). What is the highest common divisor of d and 470?
94
Let t = 41 - 21. Suppose 5*s - 238 - 642 = 0. Suppose 544 + s = 12*u. Calculate the highest common factor of u and t.
20
Suppose -3*s + 5*d = -186, 0 = 2*s + 2*s + 5*d - 213. Let c = 87 - s. Calculate the greatest common divisor of 105 and c.
15
Let i be (2 - -2)/(44/43659). What is the highest common divisor of 162 and i?
81
Let a = 6374 - 3989. Suppose -a + 33 = -24*f. Let n be (3 - (2 + 0)) + 13. Calculate the greatest common divisor of n and f.
14
Let r be (-1 - 0)*(5/10*-12 + -511). Calculate the highest common factor of r and 77.
11
Suppose 4*x - 16 = 4*w, -x - 5*w - 6 = x. Suppose -2*s = -t - 3*s + 67, x*t - 114 = 3*s. Calculate the highest common divisor of 756 and 